{"id":6844,"date":"2025-02-20T12:53:46","date_gmt":"2025-02-20T11:53:46","guid":{"rendered":"https:\/\/2025.budapestritmo.hu\/?post_type=conference-event&#038;p=6844"},"modified":"2025-03-24T16:55:50","modified_gmt":"2025-03-24T15:55:50","slug":"ritmo-meets-ali-dogan-gonultas","status":"publish","type":"conference-event","link":"https:\/\/2025.budapestritmo.hu\/en\/conference-event\/ritmo-meets-ali-dogan-gonultas\/","title":{"rendered":"Ritmo Meets: Ali Do\u011fan G\u00f6n\u00fclta\u015f"},"content":{"rendered":"\n<p>Hailing from a family of Kurdish alevis, community songsters passing on and shaping the heritage of many generations, <strong>Ali Do\u011fan G\u00f6n\u00fclta\u015f <\/strong>is a charismatic performer, ethnomusicologist,\u00a0 artist of a tradition transcending borders and eras. The in-depth conversation with Simon Broughton brings the person and the alevi tradition up close.<br><br>Interview with Ali Do\u011fan G\u00f6n\u00fclta\u015f, an Anatolian artist, by Simon Broughton, a freelance journalist and filmmaker, founding editor of Songlines magazine.<br><br>Participants:<br><a href=\"https:\/\/2025.budapestritmo.hu\/en\/performer\/ali-dogan-gonultas\/\">Ali Do\u011fan G\u00f6n\u00fclta\u015f<\/a> (TR)<br>Moderated by <a href=\"https:\/\/2025.budapestritmo.hu\/en\/view\/who-is-coming\/entry\/121\/\">Simon Broughton<\/a> (GB)<\/p>\n\n\n\n<p><\/p>\n","protected":false},"featured_media":0,"template":"","performer_year":[],"class_list":["post-6844","conference-event","type-conference-event","status-publish","hentry"],"acf":[],"_links":{"self":[{"href":"https:\/\/2025.budapestritmo.hu\/en\/wp-json\/wp\/v2\/conference-event\/6844","targetHints":{"allow":["GET"]}}],"collection":[{"href":"https:\/\/2025.budapestritmo.hu\/en\/wp-json\/wp\/v2\/conference-event"}],"about":[{"href":"https:\/\/2025.budapestritmo.hu\/en\/wp-json\/wp\/v2\/types\/conference-event"}],"version-history":[{"count":4,"href":"https:\/\/2025.budapestritmo.hu\/en\/wp-json\/wp\/v2\/conference-event\/6844\/revisions"}],"predecessor-version":[{"id":7135,"href":"https:\/\/2025.budapestritmo.hu\/en\/wp-json\/wp\/v2\/conference-event\/6844\/revisions\/7135"}],"wp:attachment":[{"href":"https:\/\/2025.budapestritmo.hu\/en\/wp-json\/wp\/v2\/media?parent=6844"}],"wp:term":[{"taxonomy":"performer_year","embeddable":true,"href":"https:\/\/2025.budapestritmo.hu\/en\/wp-json\/wp\/v2\/performer_year?post=6844"}],"curies":[{"name":"wp","href":"https:\/\/api.w.org\/{rel}","templated":true}]}}

Ritmo Meets: Ali Doğan Gönültaş

<p>Hailing from a family of Kurdish alevis, community songsters passing on and shaping the heritage of many generations, <strong>Ali Doğan Gönültaş </strong>is a charismatic performer, ethnomusicologist,  artist of a tradition transcending borders and eras. The in-depth conversation with Simon Broughton brings the person and the alevi tradition up close.<br><br>Interview with Ali Doğan Gönültaş, an Anatolian artist, by Simon Broughton, a freelance journalist and filmmaker, founding editor of Songlines magazine.<br><br>Participants:<br><a href="https://2025.budapestritmo.hu/en/performer/ali-dogan-gonultas/">Ali Doğan Gönültaş</a> (TR)<br>Moderated by <a href="https://2025.budapestritmo.hu/en/view/who-is-coming/entry/121/">Simon Broughton</a> (GB)</p>



<p></p>
