{"id":6848,"date":"2025-02-20T12:54:21","date_gmt":"2025-02-20T11:54:21","guid":{"rendered":"https:\/\/2025.budapestritmo.hu\/?post_type=conference-event&#038;p=6848"},"modified":"2025-03-24T16:44:25","modified_gmt":"2025-03-24T15:44:25","slug":"ritmo-screens-budapest-ritmo-film-2025-nefelejcs","status":"publish","type":"conference-event","link":"https:\/\/2025.budapestritmo.hu\/en\/conference-event\/ritmo-screens-budapest-ritmo-film-2025-nefelejcs\/","title":{"rendered":"Ritmo Screens: Budapest Ritmo film 2025, Nefelejcs"},"content":{"rendered":"\n<p>You\u2019re cordially invited to an exclusive screening and a short conversation of this year\u2019s Budapest Ritmo film, Nefelejcs (Forget-me-not). Director \u00c1ron M\u00e1ty\u00e1ssy and singer Ilka Kisgy\u00f6rgy and violinist Bang\u00f3 J\u00e1nos bring the Hungarian imitation folk songs (called \u2018n\u00f3ta\u2019) out of their comfort zones and onto the big screens. The film screening follows a short introduction held by our very own Bal\u00e1zs Weyer.&nbsp;<br><\/p>\n\n\n\n<p>Moderated by <a href=\"https:\/\/2025.budapestritmo.hu\/en\/view\/who-is-coming\/entry\/91\/\">Bal\u00e1zs Weyer<\/a> (HU)<br><\/p>\n","protected":false},"featured_media":0,"template":"","performer_year":[],"class_list":["post-6848","conference-event","type-conference-event","status-publish","hentry"],"acf":[],"_links":{"self":[{"href":"https:\/\/2025.budapestritmo.hu\/en\/wp-json\/wp\/v2\/conference-event\/6848","targetHints":{"allow":["GET"]}}],"collection":[{"href":"https:\/\/2025.budapestritmo.hu\/en\/wp-json\/wp\/v2\/conference-event"}],"about":[{"href":"https:\/\/2025.budapestritmo.hu\/en\/wp-json\/wp\/v2\/types\/conference-event"}],"version-history":[{"count":3,"href":"https:\/\/2025.budapestritmo.hu\/en\/wp-json\/wp\/v2\/conference-event\/6848\/revisions"}],"predecessor-version":[{"id":7122,"href":"https:\/\/2025.budapestritmo.hu\/en\/wp-json\/wp\/v2\/conference-event\/6848\/revisions\/7122"}],"wp:attachment":[{"href":"https:\/\/2025.budapestritmo.hu\/en\/wp-json\/wp\/v2\/media?parent=6848"}],"wp:term":[{"taxonomy":"performer_year","embeddable":true,"href":"https:\/\/2025.budapestritmo.hu\/en\/wp-json\/wp\/v2\/performer_year?post=6848"}],"curies":[{"name":"wp","href":"https:\/\/api.w.org\/{rel}","templated":true}]}}

<p>You’re cordially invited to an exclusive screening and a short conversation of this year’s Budapest Ritmo film, Nefelejcs (Forget-me-not). Director Áron Mátyássy and singer Ilka Kisgyörgy and violinist Bangó János bring the Hungarian imitation folk songs (called ‘nóta’) out of their comfort zones and onto the big screens. The film screening follows a short introduction held by our very own Balázs Weyer.&nbsp;<br></p>



<p>Moderated by <a href="https://2025.budapestritmo.hu/en/view/who-is-coming/entry/91/">Balázs Weyer</a> (HU)<br></p>
